{"id":4795,"date":"2024-07-03T13:28:54","date_gmt":"2024-07-03T19:28:54","guid":{"rendered":"https:\/\/papelerialaprepa.com\/?post_type=product&#038;p=4795"},"modified":"2025-08-13T16:33:37","modified_gmt":"2025-08-13T22:33:37","slug":"cojin-para-sellos-1-metalico","status":"publish","type":"product","link":"https:\/\/papelerialaprepa.com\/?product=cojin-para-sellos-1-metalico","title":{"rendered":"Coj\u00edn Para Sellos #1 Met\u00e1lico"},"content":{"rendered":"<p>Coj\u00edn Para Sellos<\/p>\n<ul>\n<li>#1 Mediano<\/li>\n<li>Met\u00e1lico<\/li>\n<\/ul>\n","protected":false},"excerpt":{"rendered":"<p>Coj\u00edn Para Sellos<\/p>\n<ul>\n<li>#1 Mediano<\/li>\n<li>Met\u00e1lico<\/li>\n<\/ul>\n","protected":false},"featured_media":4797,"comment_status":"closed","ping_status":"closed","template":"","meta":[],"product_brand":[],"product_cat":[122],"product_tag":[],"class_list":{"0":"post-4795","1":"product","2":"type-product","3":"status-publish","4":"has-post-thumbnail","6":"product_cat-articulos-multiples","8":"first","9":"instock","10":"shipping-taxable","11":"purchasable","12":"product-type-simple"},"_links":{"self":[{"href":"https:\/\/papelerialaprepa.com\/index.php?rest_route=\/wp\/v2\/product\/4795","targetHints":{"allow":["GET"]}}],"collection":[{"href":"https:\/\/papelerialaprepa.com\/index.php?rest_route=\/wp\/v2\/product"}],"about":[{"href":"https:\/\/papelerialaprepa.com\/index.php?rest_route=\/wp\/v2\/types\/product"}],"replies":[{"embeddable":true,"href":"https:\/\/papelerialaprepa.com\/index.php?rest_route=%2Fwp%2Fv2%2Fcomments&post=4795"}],"wp:featuredmedia":[{"embeddable":true,"href":"https:\/\/papelerialaprepa.com\/index.php?rest_route=\/wp\/v2\/media\/4797"}],"wp:attachment":[{"href":"https:\/\/papelerialaprepa.com\/index.php?rest_route=%2Fwp%2Fv2%2Fmedia&parent=4795"}],"wp:term":[{"taxonomy":"product_brand","embeddable":true,"href":"https:\/\/papelerialaprepa.com\/index.php?rest_route=%2Fwp%2Fv2%2Fproduct_brand&post=4795"},{"taxonomy":"product_cat","embeddable":true,"href":"https:\/\/papelerialaprepa.com\/index.php?rest_route=%2Fwp%2Fv2%2Fproduct_cat&post=4795"},{"taxonomy":"product_tag","embeddable":true,"href":"https:\/\/papelerialaprepa.com\/index.php?rest_route=%2Fwp%2Fv2%2Fproduct_tag&post=4795"}],"curies":[{"name":"wp","href":"https:\/\/api.w.org\/{rel}","templated":true}]}}